e l(s). Is j(z) a composite number?
True
Let p be -1*63*(1 + 0). Let n = -40 - p. Is n a prime number?
True
Let j(g) = g**3 - 2*g**2 - 3*g + 2. Let i be j(3). Suppose 5*a = 3*o + i*o, 4*o - 2 = 2*a. Is (o - -1) + -2 - -89 a prime number?
True
Suppose -7*r + 16 = -3*r. Suppose r*i = 2*h - 2538, i = 5*i + 20. Is h composite?
False
Let j = 491 + -931. Let g be (-6)/(-5)*j/(-6). Suppose 5*r - g = 307. Is r a prime number?
True
Suppose n - 4*z = 0, n = -z + 4*z + 2. Suppose -4*g = -n*g + 532. Is g prime?
False
Suppose -1289 = -a - 2*i, -i - 2668 - 1220 = -3*a. Suppose 9*y - 4*y - a = 0. Is y a composite number?
True
Suppose 6 + 2 = s. Let f(u) be the first derivative of 22*u**2 + 3*u + 32. Is f(s) prime?
False
Let r(z) = 3*z - 6. Let i be r(8). Let m = 16 + i. Is m a prime number?
False
Let k be ((-1)/(-2))/(1/(-12)). Let j(v) = -3*v + 8. Is j(k) prime?
False
Let l = -3204 - -6050. Is l a composite number?
True
Suppose 0*z - 536 = -4*z. Is z a composite number?
True
Suppose 28 = 5*o + 2*s + 1, s + 4 = 0. Is (o - 2)/(4/44) prime?
False
Suppose 4 + 2 = j. Suppose j*w = 2*w + 596. Is w a prime number?
True
Suppose -4*x - 13 - 15 = 0. Let a(d) = -d**3 - 7*d**2 - 7*d - 8. Let y be a(x). Suppose 16 = 2*v - 4*k, -4*v + 5*k + y = -0*v. Is v prime?
False
Let a(m) = 6 - 3*m**2 - 1 + 5*m + 33*m**2. Is a(-2) a prime number?
False
Suppose 0 = o - 0*o. Suppose -5*a + 4*a + 161 = o. Is a prime?
False
Let d be 2 + 1 - (-1)/(-1). Is 2 - (d + (-335 - 0)) a composite number?
True
Suppose g + 0*g - 495 = 0. Let q = 796 - g. Is q prime?
False
Is -4 + 952 + (5 - 4) a composite number?
True
Suppose -3*u + 13 = -2. Suppose 24*m - 16 = 20*m. Suppose -m*z = 5*f - 261, -f - u*z + z = -49. Is f prime?
True
Let r(b) = 2 - 5*b - 5 - 4 - 10*b + 5*b**2. Is r(12) composite?
True
Let n = 6 + -9. Let r = n - -5. Suppose -x + 201 = r*x. Is x a composite number?
False
Suppose -3*v = s - 211, 0*v - v - 844 = -4*s. Is s a composite number?
False
Let c(r) = -r**2 - 37*r - 25. Is c(-18) a prime number?
True
Suppose -3*y - 2*s + 10174 - 1347 = 0, -5*s = -25. Is y composite?
False
Suppose 4 = -u - 0. Let c(h) = -4*h - 2*h**3 + 0*h**2 - 6*h**2 + 0 - 2. Is c(u) a prime number?
False
Let q = -33 - -21. Let p be q/(-9)*(-9)/2. Is (-38)/(1/(3/p)) prime?
True
Let w(t) = -3*t - 1. Let a be w(-1). Suppose a*j = -2*b + 78, -4*j + 2*j = -5*b + 167. Is b a prime number?
False
Suppose -5*g - 2*i = -879, 3*i = -4*g - g + 876. Is g a composite number?
True
Let o = -6 + 10. Suppose 5*a + 3*h + 0*h = 353, 2*h = o*a - 300. Suppose 0 = 5*i + 10, 0 = -3*y + i + 4*i + a. Is y a composite number?
True
Suppose 5*u - 717 = 2*u. Is u a composite number?
False
Suppose -3*k + 105 = 3*d, -k + 38 = 4*d - 9. Suppose -395 = -5*l - 3*o + k, -4*l + 357 = -3*o. Is l a prime number?
False
Let a(v) = -21*v - 7. Let f(y) = 10*y + 3. Let m(x) = 6*a(x) + 14*f(x). Let j(h) = 13*h + 1. Let b(d) = 3*j(d) - 2*m(d). Is b(8) a prime number?
False
Let x(g) = 1470*g**2 + g + 2. Is x(-1) prime?
True
Let d(n) be the third derivative of n**5/20 + n**4/4 - n**3/3 - n**2. Let g be d(-7). Suppose -q + g = 6. Is q a composite number?
False
Let c(j) = j**3 - 2*j**2 + j + 33. Let i(d) = 3*d**3 - 7*d**2 + 4*d + 98. Let x(o) = 7*c(o) - 2*i(o). Let p be 4 - 0 - 0 - 4. Is x(p) a prime number?
False
Let y = 38 + 67. Suppose 5*r - 20 = 0, -4*r = -2*l + 603 - y. Is l prime?
True
Suppose 15*w - 8*w - 23429 = 0. Is w composite?
False
Suppose -3*l + l + 4*v + 248 = 0, 250 = 2*l - 2*v. Suppose c = -4*n + l, c - 158 = 5*n - n. Is c a composite number?
True
Let m be 5 + (-6)/3 + -1. Suppose m*o - 7*o + 210 = 0. Suppose 3*u + 0*u = o. Is u a composite number?
True
Suppose -1995 + 160 = -t. Is t a composite number?
True
Suppose -3*h + 7*h = 96. Let f = h + -10. Is f prime?
False
Let t(k) be the first derivative of 2*k**3/3 - 4*k**2 - k + 9. Is t(9) a prime number?
True
Let a be 85*(1 - 2) - 3. Let t = 185 + a. Is t a composite number?
False
Let u(a) be the first derivative of a**4/4 - 5*a**3/3 + 4*a + 2. Let g be u(4). Let c = 65 + g. Is c prime?
True
Let v(c) = -17*c**2 - 8*c - 4. Let p be v(-5). Let g = p + 652. Is g composite?
False
Suppose 0 = -3*y + 432 + 969. Is y a composite number?
False
Suppose -5*s - 174 = -7*s. Is s a prime number?
False
Suppose -20 = -3*i - 2*i. Suppose x = 3*x - i*t - 128, -5*x + 296 = -4*t. Is 102/4*x/12 composite?
True
Let y(r) = -56*r + 6. Let c be y(4). Let t = -146 - c. Let p = t - -41. Is p a composite number?
False
Let x(f) = f**3 - 5*f**2 + 6*f - 5. Let k = 10 + -6. Is x(k) a prime number?
True
Let l be ((-15)/(-2))/(10/100). Let u = l - -160. Is u composite?
True
Suppose 15 = -3*m, -2*f + 157 - 34 = -5*m. Is f a composite number?
True
Let k(x) = 34*x**2 - 4*x + 3. Let g(j) = 2*j. Let v be g(1). Is k(v) prime?
True
Let x(y) be the third derivative of 2*y**4/3 + 2*y**3/3 - 2*y**2. Let c be x(8). Suppose -5*l + l = -c. Is l prime?
False
Let s be -2*(1 + 3/(-6)). Let a(i) = 21*i**2 - 1. Let t be a(s). Suppose 2*l = t - 8. Is l a composite number?
True
Suppose -4*f + 7*f - 9 = 0. Is f a prime number?
True
Is 6*(644/8)/7 composite?
True
Let j be 4/(-10) - (-272)/(-20). Let f = -7 + 5. Is 5*1/(f/j) prime?
False
Let u = -160 - -271. Is u a prime number?
False
Let c be 9939/21 - (-4)/(-14). Suppose -c = -4*m + f, -3*m + f = -278 - 76. Is m a composite number?
True
Let x be 2/4*1*-4. Let i be 3/2*332/x. Let h = -106 - i. Is h prime?
False
Let k(v) = 3*v + 2. Let p(h) = h**3 + 4*h**2 + 3*h + 2. Let f(i) = i**2 - i - 2. Let g be f(0). Let u be p(g). Is k(u) composite?
True
Suppose -14*p + 21*p - 574 = 0. Is p composite?
True
Suppose -5*x = -10 + 35. Let t(g) = -5*g**3 + 5*g**2 - 3*g - 1. Let a be t(x). Suppose 3*m + m = a. Is m a composite number?
False
Let z(y) = 15*y**3 + 3*y**2 + 5*y - 4. Is z(3) a prime number?
True
Let i be (6 - 11)*(-8)/5. Let b(p) = 10 + 3*p + 4*p + 1. Is b(i) composite?
False
Let m(y) = 13*y**2 - 3*y + 3. Let x(g) = g - 1. Let d(h) = -3*h + 10. Let c(u) = d(u) + 2*x(u). Let f be c(6). Is m(f) prime?
False
Let n(z) = -2*z**2 - 5*z + 3. Let x(f) = -5*f**2 - 9*f + 5. Let s(k) = 11*n(k) - 6*x(k). Let c(p) be the first derivative of s(p). Is c(6) prime?
False
Suppose -r - 4 + 2 = 0. Let q be 1/r*(-1 - 1). Is (-1268)/(-16) - q/4 a prime number?
True
Let o(k) = -k**2 - 5*k - 7. Let s be o(-5). Let v be s/(-14) - (-3)/2. Suppose -v*l = -0*l - 106. Is l prime?
True
Let k = 4 + 96. Is (k/6)/((-10)/(-15)) a prime number?
False
Suppose 0 = 3*g + 1 - 4. Is (-23)/(1/(g - 2)) composite?
False
Suppose -8 = -4*y, 5*s - 6*y + y = 360. Let u = -37 + s. Is u a composite number?
False
Let t(g) = 820*g + 1. Is t(1) a prime number?
True
Let s = -4 + 6. Suppose -644 = -4*r - 5*n, 3*r - 5*n - 161 = s*r. Is r a prime number?
False
Let w(h) = -h**2 - 4*h + 7. Let a be w(-5). Suppose a*l - 26 = -0*l. Is l a composite number?
False
Suppose o - 452 - 89 = 0. Is o a composite number?
False
Let z be 10/15*3/(-2). Let y be 31 + (-9)/3*z. Suppose h - 3*t - y = 0, 4*h - 174 + 38 = 2*t. Is h a composite number?
True
Let y = -4 - 7. Let w = -3 - y. Let a = w - -27. Is a a prime number?
False
Let q(r) = -r**2 + 3*r + 6. Let v(w) = 1. Let x(t) = -q(t) + 5*v(t). Let s be x(9). Let p = s - 34. Is p prime?
True
Let v = 0 - 1. Is 1 - -18 - (-1 - v) prime?
True
Suppose 0 = c - i - 3, 3*i - i = c - 8. Is (-2 - c*89) + 1 a composite number?
True
Let j = -42 + 95. Let r be 2/(-8) - 11/(-44). Suppose c = j - r. Is c a composite number?
False
Let m be (-55)/(-1) - (4 - 2). Let f = m - -14. Is f a composite number?
False
Let z = 8 - 6. Suppose -2*p = z*p - 356. Is p composite?
False
Let r be -10 - 3 - 24/(-6). Is 3/(r/642)*-1 a prime number?
False
Suppose 0*b + 3*b - 4*c - 81 = 0, 5*c - 108 = -4*b. Suppose 4*f - b = 177. Is f prime?
False
Suppose 0 = -d - 2*m + 38, -3*d - 2*m - 106 = -6*d. Let x = -13 + d. Is x composite?
False
Is 14/(-28)*(-1366)/1 a composite number?
False
Let p(v) = 2*v**2 - 10*v + 9. Let w(t) = -t + 7. Suppose -6*i = -2*y - i + 15, 5*i + 15 = -4*y. Let b be w(y). Is p(b) prime?
True
Suppose 1 = 2*w - 3. Suppose -w*p = -4*p + 574. Is p prime?
False
Let d be (-46)/(-14) - (-4)/(-14). Suppose 0 = 5*n - d*n - 38. Suppose -t + n = w, -3*w + 4 + 53 = -5*t. Is w a prime number?
True
Let w = 645 - 412. Is w a composite number?
False
Suppos